= -5*b. Suppose b = -s - 2*s - 27. List the prime factors of (30/(-45))/(1/s).
2, 3
Suppose 16016 = -11*v + 24*v. List the prime factors of v.
2, 7, 11
List the prime factors of 3*3107/(-6)*-2 - 6.
7, 443
Let n = 70 + -67. Suppose -v + 0*v + n*k = -90, -216 = -2*v - 3*k. List the prime factors of v.
2, 3, 17
Suppose 506 = h + 2*l + 2*l, -h - l + 506 = 0. List the prime factors of h.
2, 11, 23
Let r(d) = -166*d - 35. What are the prime factors of r(-3)?
463
What are the prime factors of (-1*(-5)/(-3))/((-109)/144861)?
5, 443
List the prime factors of (-9422)/(-11) - (4 - (-190)/(-55)).
2, 107
Let i = 962 - 313. Let j = -403 + i. What are the prime factors of j?
2, 3, 41
Suppose -1418 = -4*g + 2*o, 5*g + 4*o = -0*g + 1766. Suppose 5*m + 129 = g. Suppose 0*i = -3*i + m. What are the prime factors of i?
3, 5
Suppose -2*x - 5*m = -23, 3*m + 10 = x + 5*m. Suppose r - x*n + 20 = 2*r, 16 = 4*n. Let f = r - -27. List the prime factors of f.
31
Let t be 15/5*2/3. Let w(x) = 5*x - 4*x + 21*x**2 - t*x. List the prime factors of w(1).
2, 5
Let c(t) = -5*t - 18. Suppose -6*q = -418 + 148. Let y(u) = -110*u - 395. Let a(s) = q*c(s) - 2*y(s). What are the prime factors of a(-12)?
2, 5
Suppose -5*p + 42 = -4*o, 9 = -4*o + o. Let n = 3 - p. List the prime factors of n*(-2 - (-138)/(-9)).
2, 13
Let k(x) = -x**2 - 8*x - 2. Let v be -12 + 14 + (-9 - 0). Let i be k(v). Suppose -i*s = 5*l - 160, -2*l + 48 = 5*s - 13. What are the prime factors of l?
3, 11
Suppose -2*x = -128 + 122. Suppose -2*s = s - 63. Suppose -x*n + 39 = -s. List the prime factors of n.
2, 5
Let b(d) = d + 13. Let h be b(-25). Let c(j) = j**2 + 3*j - 9. What are the prime factors of c(h)?
3, 11
Let p(n) be the second derivative of -1/3*n**4 + 0 + 1/3*n**3 - 1/20*n**5 - 9/2*n**2 - 8*n. List the prime factors of p(-6).
3, 17
Suppose 2*s - 5*i - 2264 = 0, -2*s + 4*s = -2*i + 2292. What are the prime factors of s?
2, 571
Let l(r) = r + 6. Let f(t) be the third derivative of t**4/24 + 11*t**3/6 - t**2. Let b(s) = 3*f(s) - 7*l(s). List the prime factors of b(-10).
31
Suppose -2*l - 1101 = 301. Let j = -500 - l. List the prime factors of j.
3, 67
Suppose 0*q = 2*q - 4*f - 36, 2*q - 2*f - 26 = 0. Suppose -b - q + 12 = 0. List the prime factors of ((-14)/b)/(3/(-18)).
3, 7
Suppose -5 = s + 5*x, 4*s - 16 = -5*x - 6. Let g = s + 28. What are the prime factors of g?
3, 11
What are the prime factors of -10*(-16)/40 + (-552)/(-2)?
2, 5, 7
Suppose 5*s - 75 = -5. Let o = 18 - s. Suppose o*k - 3*k - t - 22 = 0, -5*k + 3*t = -116. What are the prime factors of k?
5
Let d be 2/6 - (-4)/6. List the prime factors of 3*20 + d - 4.
3, 19
Suppose 0 = -3*s - 6, -4*s + 0*s = 4*v + 268. Let f = v + 114. What are the prime factors of f?
7
Suppose 2*u - 3 = 11. Let b = 7 + u. Suppose -2*s = b - 76. List the prime factors of s.
31
Let x(p) = -43*p + 73. List the prime factors of x(-14).
3, 5
Let l(s) = s**3 - 4*s**2 + 8*s - 17. Let k be l(8). Let p = k + -132. List the prime factors of p.
3, 19
Let q(d) = -d**3 + 6*d**2 + 7*d - 6. Let j be q(7). Let h be -30*((-189)/j)/(-7). Suppose -m + h = 4*m. What are the prime factors of m?
3
Suppose -1 + 30 = -z + 5*j, z = -4*j + 16. Let q be (46/(-4))/(2/z). Let o = 47 - q. List the prime factors of o.
2, 3
Let t = 835 + -341. What are the prime factors of t?
2, 13, 19
Let p(y) = -14*y**2 + 16*y**2 + 14*y - 27 + 0. List the prime factors of p(-11).
61
Let c(x) = -x**2 + 5*x + 3. Let f be c(5). Suppose 0 = -f*s + 6*s + 12. List the prime factors of ((-2)/s)/((-7)/(-308)).
2, 11
Let i be 4/6 + (-1125)/27. Let o = i - -61. Suppose -4*m = o, -3*m - 47 = -6*r + 2*r. What are the prime factors of r?
2
What are the prime factors of (3 + 0)*(-14240)/(-96)?
5, 89
Suppose 0*m = -4*m - 8. Let r(b) = -27*b + 5. What are the prime factors of r(m)?
59
Let h be (-4)/(-10) + (-6189)/(-15). Suppose -4*z = v - 122, v = 5*v + z - h. List the prime factors of v.
2, 3, 17
Suppose 29*d = 4*y + 31*d - 4062, 5*y = 2*d + 5064. What are the prime factors of y?
2, 3, 13
Suppose 2*j - 27 = 6*o - o, -5*o - 9 = j. Let a be (-3)/j*(-1 + -5). Suppose -93 = -a*y + 9. What are the prime factors of y?
2, 17
Let q = 446 + 368. Let t = -568 + q. What are the prime factors of t?
2, 3, 41
Suppose b + 3*o - 9 = 0, -3*b - o = -6*o - 13. Let i(c) = 7*c**2 - 11*c + 28. List the prime factors of i(b).
2, 107
Let d = 0 - 0. Let p = -2 + d. What are the prime factors of 0 + (1 - p) - 1?
2
Let r(z) = z - 12. Let y be r(12). Let c be -13 + (5 - 4) + y. List the prime factors of (-2)/2 + (-132)/c.
2, 5
Suppose -3*f - 7 = -2*b, 4*b + 0*f - 23 = -3*f. Suppose 188 = 2*v + 2*m, -232 - 273 = -b*v + 2*m. List the prime factors of v.
3, 11
List the prime factors of (-24)/16 - (-694)/4.
2, 43
Let f = -6 - -55. What are the prime factors of (1540/f)/(2/14)?
2, 5, 11
Let x(b) = 4*b + 29. Let d be x(-15). Suppose 5*n = -5*f - 50, 28 = -4*n - 3*f - 17. Let l = n - d. List the prime factors of l.
2
Let f(n) = 276*n - 1484. What are the prime factors of f(11)?
2, 97
What are the prime factors of 565 - -10*1/(-10)*-5?
2, 3, 5, 19
Let p(a) = 413*a + 11. List the prime factors of p(1).
2, 53
Suppose -11*u + 1012 = 33*u. What are the prime factors of u?
23
Let u(f) = 38*f - 90. What are the prime factors of u(5)?
2, 5
Suppose -4*r - 1140 = -6*n + 3*n, -3*n = r + 285. List the prime factors of r/(-10) + (-1)/2.
2, 7
Let h be (-4 + 1)/(9/(-69)). Suppose -32 = -5*p + h. What are the prime factors of p?
11
Let g(l) = -2*l - 1. Let w(p) = -76*p - 3. Let k(y) = -4*g(y) + w(y). List the prime factors of k(-5).
11, 31
Let a(i) = i**3 + 6*i**2 - 13*i + 3. List the prime factors of a(5).
3, 71
Let o be 0/(5/(-2)*8/(-20)). Suppose -4*r + 3*y + 83 = 0, r + 5*y - 15 = -o*r. What are the prime factors of r?
2, 5
Let u(m) = m - 1. Let y be u(7). Suppose 5*c = -y*w + 2*w + 211, c + 271 = 5*w. What are the prime factors of w?
2, 3
Suppose 3*h = 2447 + 760. What are the prime factors of h?
1069
Suppose 7*b + 26 = -2. List the prime factors of 1/(5/4)*(-490)/b.
2, 7
Suppose t - 168 - 55 = -k, 4*k = 4*t + 876. Suppose 286 = 3*m - k. List the prime factors of m.
13
Suppose 8*a - 5*a - 3 = 0. List the prime factors of (190 + -2)*-10*a/(-8).
5, 47
Suppose -40*d = 9*d - 82614. List the prime factors of d.
2, 3, 281
Let j(m) = m**2 - 2*m. Let q = -10 + 15. Suppose 0 = q*i - 14 - 1. List the prime factors of j(i).
3
Let p be 12/(-30) - 74/(-10) - 3. Suppose -p*u = -3*n + 265, -3*n + 0*n + u = -280. What are the prime factors of n?
5, 19
Let b(u) = -u**2 - 3*u + 3. Suppose 1 = -v + x, 2*v - x = 2*x. Let j be b(v). Suppose -4*t - 49 = -5*y, 2*y - 1 = -j*t + 14. What are the prime factors of y?
3
Let x(f) = -31*f + 883. What are the prime factors of x(0)?
883
Let m = 15 - 11. Let j be (201/6*-2)/((-1)/8). Suppose -4*b = m*b - j. List the prime factors of b.
67
Let h(b) = 2*b + 8. Let c be h(-4). Suppose 0 = 6*j - c*j - 264. List the prime factors of j.
2, 11
Suppose -h + 1 + 3 = 0. Suppose h*d = -38 + 206. List the prime factors of d.
2, 3, 7
Let v = -25 - -198. Let l = v - 103. List the prime factors of 18/6*l/6.
5, 7
Let v = 10 - 10. Suppose -2*f = -v*f - 52. What are the prime factors of f?
2, 13
Let d(j) = -3*j. Let m be d(-1). Suppose -3*h = -m*n - 249, -h + 5*n + 169 = h. What are the prime factors of h?
2, 41
Let g(f) = -f**2 + 12*f + 18. Let c be g(13). Suppose 0 = -11*x + c*x + 222. What are the prime factors of x?
37
List the prime factors of -3 + 6/(-3) + (-200)/(-4).
3, 5
Let d(f) be the third derivative of 37*f**4/24 - f**3/6 - f**2. Let k = 3 - 2. What are the prime factors of d(k)?
2, 3
Let h be (-2)/8 + 3/(-4) - -4. What are the prime factors of h/9 - (-1)/(3/89)?
2, 3, 5
Suppose -3*m + 22 - 1 = -3*b, 5*m - b = 23. Suppose 0 = -g + 3*l + 43, 33 + 3 = g + m*l. What are the prime factors of g?
2, 5
Suppose 4 = -4*h + 4*c, -4*h - 4*c = h - 4. What are the prime factors of h + (-2 + 3)*3?
3
Suppose -186 = -3*g + 129. Suppose -2*p + 3*u + 60 = -9, 0 = 3*p - 4*u - g. What are the prime factors of p?
3, 13
Suppose 4*k = -3*i - 0*k + 306, -2*i + 2*k + 204 = 0. What are the prime factors of i?
2, 3, 17
Let w = 91 - -197. Suppose -w = -8*b + 136. What are the prime factors of b?
53
Let v(k) = -3 + k**2 + 46*k + 8*k**2 - 3*k**2 - 42*k. Suppose 5*d = 4*f + 22, 3*d - f = 